{"id":3212,"date":"2023-08-11T07:20:05","date_gmt":"2023-08-11T05:20:05","guid":{"rendered":"https:\/\/www.physactiv.eu\/?page_id=3212"},"modified":"2024-03-17T17:52:22","modified_gmt":"2024-03-17T16:52:22","slug":"volume-12-issue-1-2024","status":"publish","type":"page","link":"https:\/\/www.physactiv.eu\/index.php\/volume-12-issue-1-2024\/","title":{"rendered":"Volume 12, Issue 1, 2024"},"content":{"rendered":"\n<hr class=\"wp-block-separator has-alpha-channel-opacity\"\/>\n\n\n\n<p>Roberto Pippi, Andrea Mortati, Daniela Fruttini, Leonella Pasqualini, Alessandro Gatti, Matteo Vandoni, Gabriele Mascherini, Giuseppe Musumeci, Carmine Giuseppe Fanelli<br><strong><a href=\"https:\/\/www.physactiv.eu\/wp-content\/uploads\/2024\/01\/2024_12115.pdf\">Physical activity, sedentary time and motivation to change: an Italian survey<\/a><br><\/strong>Phys Act Rev 2024; 12(1): 161-175. doi: 10.16926\/par.2024.12.15<\/p>\n\n\n\n<hr class=\"wp-block-separator has-alpha-channel-opacity\"\/>\n\n\n\n<p>Blazek Dusan, Pisz Anna, Hojka Vladimir, Uhlir Petr, Kolinger Dominik, Zajac Adam, Stastny Petr<br><strong><a href=\"https:\/\/www.physactiv.eu\/wp-content\/uploads\/2024\/01\/2024_12114.pdf\">The bench press prime mover muscles firing frequency changes according to sticking region during maximal and submaximal effort<\/a><\/strong><br>Phys Act Rev 2024; 12(1): 150-160. doi: 10.16926\/par.2024.12.14<\/p>\n\n\n\n<hr class=\"wp-block-separator has-alpha-channel-opacity\"\/>\n\n\n\n<p>Mariusz Kuberski, Tomasz G\u00f3ra, Jacek W\u0105sik<br><strong><a href=\"https:\/\/www.physactiv.eu\/wp-content\/uploads\/2024\/03\/2024_12113.pdf\">Changes in selected somatic indices in 10-12 year old girls under the influence of 3-year swimming training<\/a><\/strong><br>Phys Act Rev 2024; 12(1): 143-149. doi: 10.16926\/par.2024.12.13<\/p>\n\n\n\n<hr class=\"wp-block-separator has-alpha-channel-opacity\"\/>\n\n\n\n<p>Marek Kolbowicz, Micha\u0142 Nowak, Jakub Wi\u0119ckowski<br><strong><a href=\"https:\/\/www.physactiv.eu\/wp-content\/uploads\/2023\/12\/2024_12112.pdf\">A multi-criteria system for performance assessment and support decision-making based on the example of Premier League top football strikers<\/a><br><\/strong>Phys Act Rev 2024; 12(1): 121-142. doi: 10.16926\/par.2024.12.12<\/p>\n\n\n\n<hr class=\"wp-block-separator has-alpha-channel-opacity\"\/>\n\n\n\n<p>Tiziana D\u2019Isanto, Sara Aliberti, Gaetano Raiola, Francesca D\u2019Elia <strong><a href=\"https:\/\/www.physactiv.eu\/wp-content\/uploads\/2023\/12\/2024_12111.pdf\">Assessment of motor skills in 5-6 year old Italian children using the MABC-2: a preliminary study<\/a><br><\/strong>Phys Act Rev 2024; 12(1): 112-120. doi: 10.16926\/par.2024.12.11<\/p>\n\n\n\n<hr class=\"wp-block-separator has-alpha-channel-opacity\"\/>\n\n\n\n<p>Sona Jandova, Denisa Bartizalova<br><strong><a href=\"https:\/\/www.physactiv.eu\/wp-content\/uploads\/2023\/12\/2024_12110.pdf\">Compensatory exercises for young cyclists in the pubescents<\/a><br><\/strong>Phys Act Rev 2024; 12(1): 100-111. doi: 10.16926\/par.2024.12.10<\/p>\n\n\n\n<hr class=\"wp-block-separator has-alpha-channel-opacity\"\/>\n\n\n\n<p>Pavol Hori\u010dka, Jarom\u00edr \u0160imonek, \u013dubom\u00edr Pa\u0161ka, Marek Popowczak, Jaroslaw Domaradzki<br><strong><a href=\"https:\/\/www.physactiv.eu\/wp-content\/uploads\/2023\/12\/2024_12109.pdf\">Evaluation of offensive and defensive agility depending on the type of visual cue and personal decision-making styles in basketball<\/a><\/strong><br>Phys Act Rev 2024; 12(1): 88-99. doi: 10.16926\/par.2024.12.09<\/p>\n\n\n\n<hr class=\"wp-block-separator has-alpha-channel-opacity\"\/>\n\n\n\n<p>Alaa AL-Nemr, Shimaa Reffat<br><strong><a href=\"https:\/\/www.physactiv.eu\/wp-content\/uploads\/2023\/12\/2024_12108.pdf\">Relationship between body mass index, fundamental movement skills, and quality of life in primary school children<\/a><\/strong><br>Phys Act Rev 2024; 12(1): 80-87. doi: 10.16926\/par.2024.12.08<\/p>\n\n\n\n<hr class=\"wp-block-separator has-alpha-channel-opacity\"\/>\n\n\n\n<p>Alena Bukov\u00e1, Magdal\u00e9na Hagovsk\u00e1, Zuzana Kov\u00e1\u010dikov\u00e1, Klaudia Zuskov\u00e1, Tomasz Paczkowski, Ladislav Kru\u010danica<br><strong><a href=\"https:\/\/www.physactiv.eu\/wp-content\/uploads\/2023\/12\/2024_12107.pdf\">The effect of length of sport experience on the prevalence of non-specific back pain and injury in soccer and ice hockey<\/a><\/strong><br>Phys Act Rev 2024; 12(1): 72-79. doi: 10.16926\/par.2024.12.07<\/p>\n\n\n\n<hr class=\"wp-block-separator has-alpha-channel-opacity\"\/>\n\n\n\n<p>Mateusz Rozmiarek<br><strong><a href=\"https:\/\/www.physactiv.eu\/wp-content\/uploads\/2023\/12\/2024_12106.pdf\">Rudolph Brilloff, the Olympic Games, and Salto Mortale in Circus Performances in the Grand Duchy of Posen<\/a><\/strong><br>Phys Act Rev 2024; 12(1): 59-71. doi: 10.16926\/par.2024.12.06<\/p>\n\n\n\n<hr class=\"wp-block-separator has-alpha-channel-opacity\"\/>\n\n\n\n<p>L\u00e1szl\u00f3 Kerner, Zsolt Katona B\u00e1lint, L\u00e1szl\u00f3 Suszter, Istv\u00e1n Barthalos Ferenc Ih\u00e1sz, Robert Podstawski<br><a href=\"https:\/\/www.physactiv.eu\/wp-content\/uploads\/2023\/12\/2024_12105.pdf\"><strong>Anthropometric and physiological characteristics of young elite Hungarian motocross riders in motocross competitions<\/strong><\/a><br>Phys Act Rev 2024; 12(1): 47-58. doi: 10.16926\/par.2024.12.05<\/p>\n\n\n\n<hr class=\"wp-block-separator has-alpha-channel-opacity\"\/>\n\n\n\n<p>Barbara Fr\u0105czek, Monika Szot, Andrzej Sagalara, Sebastian Krzepota, Maciej Skorko, Dariusz B\u0142achnio, Bartosz Bertrandt, Krzysztof Szymaniuk, Andrzej Klimek<br><strong><a href=\"https:\/\/www.physactiv.eu\/wp-content\/uploads\/2023\/12\/2024_12104.pdf\">Assessment of physical activity, exercise capacity and fitness level of the Polish esports players<\/a><\/strong><br>Phys Act Rev 2024; 12(1): 32-46. doi: 10.16926\/par.2024.12.04<\/p>\n\n\n\n<hr class=\"wp-block-separator has-alpha-channel-opacity\"\/>\n\n\n\n<p>Shorouk Wahb, Abeer ElDeeb, Hossam Kamel, Manal El-Shafei<br><strong><a href=\"https:\/\/www.physactiv.eu\/wp-content\/uploads\/2023\/12\/2024_12103.pdf\">Effect of Circuit Training on Calcium Level and Physical Fitness in Pregnant Women with Hypocalcemia: A randomized controlled trial<\/a><\/strong><br>Phys Act Rev 2024; 12(1): 22-31.  doi: 10.16926\/par.2024.12.03<\/p>\n\n\n\n<hr class=\"wp-block-separator has-alpha-channel-opacity\"\/>\n\n\n\n<p>Erkan Tortu,&nbsp; G\u00f6khan Deliceoglu<br><strong><a href=\"https:\/\/www.physactiv.eu\/wp-content\/uploads\/2023\/12\/2024_12102.pdf\">Comparison of energy system contributions in lower body Wingate tests between sexes<\/a><\/strong><br>Phys Act Rev 2024; 12(1): 13-21. doi: 10.16926\/par.2024.12.02<\/p>\n\n\n\n<hr class=\"wp-block-separator has-alpha-channel-opacity\"\/>\n\n\n\n<p>Rodrigo Villaseca-Vicu\u00f1a, Andrew Gayan-Candia, Federico Gazzo, Julian Giraldez, Santiago Zabaloy, Jose Antonio Gonzalez\u2010Jurado<br><strong><a href=\"https:\/\/www.physactiv.eu\/wp-content\/uploads\/2023\/12\/2024_12101.pdf\">Comparison of two warm-up protocols for physical and technical-decisional performance in young football players<\/a><\/strong><br>Phys Act Rev 2024; 12(1): 1-12. doi: 10.16926\/par.2024.12.01<\/p>\n\n\n\n<hr class=\"wp-block-separator has-alpha-channel-opacity\"\/>\n","protected":false},"excerpt":{"rendered":"<p>Roberto Pippi, Andrea Mortati, Daniela Fruttini, Leonella Pasqualini, Alessandro Gatti, Matteo Vandoni, Gabriele Mascherini, Giuseppe Musumeci, Carmine Giuseppe FanelliPhysical activity, sedentary time and motivation to change: an Italian surveyPhys Act Rev 2024; 12(1): 161-175. doi: 10.16926\/par.2024.12.15 Blazek Dusan, Pisz Anna, Hojka Vladimir, Uhlir Petr, Kolinger Dominik, Zajac Adam, Stastny PetrThe bench press prime mover muscles &hellip; <a href=\"https:\/\/www.physactiv.eu\/index.php\/volume-12-issue-1-2024\/\" class=\"more-link\">Continue reading <span class=\"screen-reader-text\">Volume 12, Issue 1, 2024<\/span> <span class=\"meta-nav\">&rarr;<\/span><\/a><\/p>\n","protected":false},"author":1,"featured_media":0,"parent":0,"menu_order":0,"comment_status":"closed","ping_status":"closed","template":"","meta":{"footnotes":""},"class_list":["post-3212","page","type-page","status-publish","hentry"],"_links":{"self":[{"href":"https:\/\/www.physactiv.eu\/index.php\/wp-json\/wp\/v2\/pages\/3212","targetHints":{"allow":["GET"]}}],"collection":[{"href":"https:\/\/www.physactiv.eu\/index.php\/wp-json\/wp\/v2\/pages"}],"about":[{"href":"https:\/\/www.physactiv.eu\/index.php\/wp-json\/wp\/v2\/types\/page"}],"author":[{"embeddable":true,"href":"https:\/\/www.physactiv.eu\/index.php\/wp-json\/wp\/v2\/users\/1"}],"replies":[{"embeddable":true,"href":"https:\/\/www.physactiv.eu\/index.php\/wp-json\/wp\/v2\/comments?post=3212"}],"version-history":[{"count":32,"href":"https:\/\/www.physactiv.eu\/index.php\/wp-json\/wp\/v2\/pages\/3212\/revisions"}],"predecessor-version":[{"id":3445,"href":"https:\/\/www.physactiv.eu\/index.php\/wp-json\/wp\/v2\/pages\/3212\/revisions\/3445"}],"wp:attachment":[{"href":"https:\/\/www.physactiv.eu\/index.php\/wp-json\/wp\/v2\/media?parent=3212"}],"curies":[{"name":"wp","href":"https:\/\/api.w.org\/{rel}","templated":true}]}}