{"id":3484,"date":"2024-05-30T16:41:48","date_gmt":"2024-05-30T14:41:48","guid":{"rendered":"https:\/\/www.physactiv.eu\/?page_id=3484"},"modified":"2024-09-06T15:27:23","modified_gmt":"2024-09-06T13:27:23","slug":"volume-12-issue-1-2024-2","status":"publish","type":"page","link":"https:\/\/www.physactiv.eu\/index.php\/volume-12-issue-1-2024-2\/","title":{"rendered":"Volume 12, Issue 2, 2024"},"content":{"rendered":"\n<hr class=\"wp-block-separator has-alpha-channel-opacity\"\/>\n\n\n\n<p>Dorota Ortenburger, Kinga Sikora, Renata Barczy\u0144ska, Kamila Kapu\u015bniak<br><strong><a href=\"https:\/\/www.physactiv.eu\/wp-content\/uploads\/2024\/07\/2024_12225.pdf\">Circumstances of intensity of anxiety among firemen \u2013 pilot study<\/a><\/strong><br>Phys Act Rev 2024; 12(2): 95-101. doi: 10.16926\/par.2024.12.25<\/p>\n\n\n\n<hr class=\"wp-block-separator has-alpha-channel-opacity\"\/>\n\n\n\n<p>Maciej Kostrzewa, Jan Supi\u0144ski, S\u0142awomir Kownacki, Luli\u0144ska Ewelina, Jaros\u0142aw Markowski, Jan Pilch, Marcin Zak, Arkadiusz Marzec, Adam Maszczyk<br><strong><a href=\"https:\/\/www.physactiv.eu\/wp-content\/uploads\/2024\/07\/2024_12224.pdf\">Differences in judging judo matches between judges with different qualifications, coaches and players<\/a><\/strong><br>Phys Act Rev 2024; 12(2): 86-94. doi: 10.16926\/par.2024.12.24<\/p>\n\n\n\n<hr class=\"wp-block-separator has-alpha-channel-opacity\"\/>\n\n\n\n<p>Tomasz G\u00f3ra, Dariusz Mosler, Dorota Ortenburger, Jacek W\u0105sik<br><strong><a href=\"https:\/\/www.physactiv.eu\/wp-content\/uploads\/2024\/07\/2024_12223.pdf\">Sex differences in utilizing effective mass among taekwon-do athletes performing turning and side kick<\/a><\/strong><br>Phys Act Rev 2024; 12(2): 78-85. doi: 10.16926\/par.2024.12.23<\/p>\n\n\n\n<hr class=\"wp-block-separator has-alpha-channel-opacity\"\/>\n\n\n\n<p>Magdalena Pro\u0144czuk, Dariusz Skalski, Marcin Zak, Joanna Motowid\u0142o, Jaros\u0142aw Markowski, Jan Pilch, Maciej Kostrzewa, Anatolij Tsos, Adam Maszczyk<br><strong><a href=\"https:\/\/www.physactiv.eu\/wp-content\/uploads\/2024\/07\/2024_12222.pdf\">The influence of EEG-biofeedback training and Beta waves in normoxia and normobaric hypoxia on the bench press in judo athletes<\/a><\/strong><br>Phys Act Rev 2024; 12(2): 65-77. doi: 10.16926\/par.2024.12.22<\/p>\n\n\n\n<hr class=\"wp-block-separator has-alpha-channel-opacity\"\/>\n\n\n\n<p>Ingrid Ru\u017ebarsk\u00e1<br><strong><a href=\"https:\/\/www.physactiv.eu\/wp-content\/uploads\/2024\/07\/2024_12221.pdf\">Gross motor coordination and physical fitness in overweight and obese primary school children compared with normal weight peers<\/a><\/strong><br>Phys Act Rev 2024; 12(2): 53-64. doi: 10.16926\/par.2024.12.21<\/p>\n\n\n\n<hr class=\"wp-block-separator has-alpha-channel-opacity\"\/>\n\n\n\n<p>Renata Urban<br><strong><a href=\"https:\/\/www.physactiv.eu\/wp-content\/uploads\/2024\/07\/2024_12220.pdf\">Physical activity of prisoners of war in Oflag VII A Murnau during The Second World Wars<\/a><\/strong><br>Phys Act Rev 2024; 12(2): 38-52. doi: 10.16926\/par.2024.12.20<\/p>\n\n\n\n<hr class=\"wp-block-separator has-alpha-channel-opacity\"\/>\n\n\n\n<p>Mieszko Bartosz, Agata Latocha, Joanna Motowid\u0142o, Micha\u0142 Krzysztofik, Adam Zaj\u0105c<br><strong><a href=\"https:\/\/www.physactiv.eu\/wp-content\/uploads\/2024\/06\/2024_12219.pdf\">The relationship between countermovement jump performance and sprinting speed in elite sprinters<\/a><\/strong><br>Phys Act Rev 2024; 12(2): 29-37. doi: 10.16926\/par.2024.12.19<\/p>\n\n\n\n<hr class=\"wp-block-separator has-alpha-channel-opacity\"\/>\n\n\n\n<p>Fernando Manuel Otero-Saborido, Sergio Torreblanca-Mart\u00ednez, Jos\u00e9 Antonio Gonz\u00e1lez-Jurado<br><strong><a href=\"https:\/\/www.physactiv.eu\/wp-content\/uploads\/2024\/09\/2024_12218.pdf\">Crosses into the box: comparison of the top five European football leagues<\/a><\/strong><br>Phys Act Rev 2024; 12(2): 20-28. doi: 10.16926\/par.2024.12.18<\/p>\n\n\n\n<hr class=\"wp-block-separator has-alpha-channel-opacity\"\/>\n\n\n\n<p>Ji\u0159\u00ed Petr\u016f, Tom\u00e1\u0161 Venc\u00farik<br><strong><a href=\"https:\/\/www.physactiv.eu\/wp-content\/uploads\/2024\/06\/2024_12217.pdf\">The effect of jump topspin serve speed on reception quality in men\u2019s volleyball<\/a><\/strong><br>Phys Act Rev 2024; 12(2): 11-19. doi: 10.16926\/par.2024.12.17<\/p>\n\n\n\n<hr class=\"wp-block-separator has-alpha-channel-opacity\"\/>\n\n\n\n<p>Micha\u0142 Zwierko, Wojciech Jedziniak, Marek Popowczak, Andrzej Rokita<br><strong><a href=\"https:\/\/www.physactiv.eu\/wp-content\/uploads\/2024\/06\/2024_12216.pdf\">Effects of a 6-week stroboscopic training program on specific blocking reaction speed in young volleyball players<\/a><br><\/strong>Phys Act Rev 2024; 12(2): 1-10. doi: 10.16926\/par.2024.12.16<\/p>\n","protected":false},"excerpt":{"rendered":"<p>Dorota Ortenburger, Kinga Sikora, Renata Barczy\u0144ska, Kamila Kapu\u015bniakCircumstances of intensity of anxiety among firemen \u2013 pilot studyPhys Act Rev 2024; 12(2): 95-101. doi: 10.16926\/par.2024.12.25 Maciej Kostrzewa, Jan Supi\u0144ski, S\u0142awomir Kownacki, Luli\u0144ska Ewelina, Jaros\u0142aw Markowski, Jan Pilch, Marcin Zak, Arkadiusz Marzec, Adam MaszczykDifferences in judging judo matches between judges with different qualifications, coaches and playersPhys Act &hellip; <a href=\"https:\/\/www.physactiv.eu\/index.php\/volume-12-issue-1-2024-2\/\" class=\"more-link\">Continue reading <span class=\"screen-reader-text\">Volume 12, Issue 2, 2024<\/span> <span class=\"meta-nav\">&rarr;<\/span><\/a><\/p>\n","protected":false},"author":1,"featured_media":0,"parent":0,"menu_order":0,"comment_status":"closed","ping_status":"closed","template":"","meta":{"footnotes":""},"class_list":["post-3484","page","type-page","status-publish","hentry"],"_links":{"self":[{"href":"https:\/\/www.physactiv.eu\/index.php\/wp-json\/wp\/v2\/pages\/3484","targetHints":{"allow":["GET"]}}],"collection":[{"href":"https:\/\/www.physactiv.eu\/index.php\/wp-json\/wp\/v2\/pages"}],"about":[{"href":"https:\/\/www.physactiv.eu\/index.php\/wp-json\/wp\/v2\/types\/page"}],"author":[{"embeddable":true,"href":"https:\/\/www.physactiv.eu\/index.php\/wp-json\/wp\/v2\/users\/1"}],"replies":[{"embeddable":true,"href":"https:\/\/www.physactiv.eu\/index.php\/wp-json\/wp\/v2\/comments?post=3484"}],"version-history":[{"count":24,"href":"https:\/\/www.physactiv.eu\/index.php\/wp-json\/wp\/v2\/pages\/3484\/revisions"}],"predecessor-version":[{"id":3576,"href":"https:\/\/www.physactiv.eu\/index.php\/wp-json\/wp\/v2\/pages\/3484\/revisions\/3576"}],"wp:attachment":[{"href":"https:\/\/www.physactiv.eu\/index.php\/wp-json\/wp\/v2\/media?parent=3484"}],"curies":[{"name":"wp","href":"https:\/\/api.w.org\/{rel}","templated":true}]}}