{"id":4006,"date":"2026-03-07T05:03:05","date_gmt":"2026-03-07T04:03:05","guid":{"rendered":"https:\/\/www.physactiv.eu\/?page_id=4006"},"modified":"2026-04-17T12:34:24","modified_gmt":"2026-04-17T10:34:24","slug":"volume-14-issue-2-2026","status":"publish","type":"page","link":"https:\/\/www.physactiv.eu\/index.php\/volume-14-issue-2-2026\/","title":{"rendered":"Volume 14, Issue 2, 2026"},"content":{"rendered":"\n<hr class=\"wp-block-separator has-alpha-channel-opacity\"\/>\n\n\n\n<p>Sebastian Szajkowski, Jaros\u0142aw Pasek, Grzegorz Cie\u015blar, Micha\u0142 Dwornik, Dominik Szyma\u0144ski, S\u0142awomir Marsza\u0142ek<br><strong><a href=\"https:\/\/www.physactiv.eu\/wp-content\/uploads\/2026\/04\/2026_141223.pdf\">Physical Activity and Repetitive Precision Tasks as Determinants of Biomechanical and Viscoelastic Adaptations of the Flexor Digitorum Superficialis Muscle in Professional Shooters<\/a><br><\/strong>Phys Act Rev 2026; 14(2): 80-90. doi: 10.16926\/par.2026.14.23<\/p>\n\n\n\n<hr class=\"wp-block-separator has-alpha-channel-opacity\"\/>\n\n\n\n<p>Jan Florian, Vicente Javier Clemente-Su\u00e1rez, Jan Pa\u0159\u00edk, Michal Pol\u00e1ch<br><strong><a href=\"https:\/\/www.physactiv.eu\/wp-content\/uploads\/2026\/04\/2026_141222.pdf\">Effects of a Nine-Week High-Intensity Interval Training Program on Anaerobic Performance and Physical Readiness in Military University Cadets: A Randomized Controlled Trial<\/a><\/strong><br>Phys Act Rev 2026; 14(2): 68-79. doi: 10.16926\/par.2026.14.22<\/p>\n\n\n\n<hr class=\"wp-block-separator has-alpha-channel-opacity\"\/>\n\n\n\n<p>Szymon Galas, Justyna Sat\u0142awska, Michalina B\u0142a\u017ckiewicz, Ziemowit Ba\u0144kosz, Andrzej Ochal, Jan M. Konarski, Beata Pluta<br><strong><a href=\"https:\/\/www.physactiv.eu\/wp-content\/uploads\/2026\/04\/2026_141221.pdf\">Accuracy of strokes and serves in para table tennis: a comparative analysis across integrated sport classes<\/a><\/strong><br>Phys Act Rev 2026; 14(2): 57-67. doi: 10.16926\/par.2026.14.21<\/p>\n\n\n\n<hr class=\"wp-block-separator has-alpha-channel-opacity\"\/>\n\n\n\n<p>Wiktoria Senator, Alicja Dziuba-Slonina<br><strong><a href=\"https:\/\/www.physactiv.eu\/wp-content\/uploads\/2026\/03\/2026_141220.pdf\">The impact of a preparatory camp training program on balance in young female volleyball players<\/a><br><\/strong>Phys Act Rev 2026; 14(2): 46-56. doi: 10.16926\/par.2026.14.20<\/p>\n\n\n\n<hr class=\"wp-block-separator has-alpha-channel-opacity\"\/>\n\n\n\n<p>Jacek W\u0105sik, Cezary Ku\u015bnierz, Kamil Radecki, Dariusz Mosler<br><strong><a href=\"https:\/\/www.physactiv.eu\/wp-content\/uploads\/2026\/03\/2026_141019.pdf\">Determinants of kicking force in taekwon-do: a pilot study on the role of aggression, sex, and age<\/a><br><\/strong>Phys Act Rev 2026; 14(2): 35-45. doi: 10.16926\/par.2026.14.19<\/p>\n\n\n\n<hr class=\"wp-block-separator has-alpha-channel-opacity\"\/>\n\n\n\n<p>Piotr Kruzo\u0142ek, Jacek Wasik, Mariusz Kuberski,<br>Dorota Ortenburger, Jan Konarski<br><strong><a href=\"https:\/\/www.physactiv.eu\/wp-content\/uploads\/2026\/03\/2026_141018.pdf\">Psychological and Physical Determinants of Rescue Readiness: State and Trait Anxiety in Lifeguard Candidates<\/a><br><\/strong>Phys Act Rev 2026; 14(2): 24-34. doi: 10.16926\/par.2026.14.18<\/p>\n\n\n\n<hr class=\"wp-block-separator has-alpha-channel-opacity\"\/>\n\n\n\n<p>Daniela Falat Le\u00fctterov\u00e1, Jaroslav Su\u010dka<br><strong><a href=\"https:\/\/www.physactiv.eu\/wp-content\/uploads\/2026\/04\/2026_141017.pdf\">Explosive Strength Parameters of the Lower Limbs<br>in Young Female Track and Field Athletes<\/a><br><\/strong>Phys Act Rev 2026; 14(2): 10-23. doi: 10.16926\/par.2026.14.17<\/p>\n\n\n\n<hr class=\"wp-block-separator has-alpha-channel-opacity\"\/>\n\n\n\n<p>Ivan Uher, J\u00e1n Pivovarn\u00edk, M\u00e1ria Majherov\u00e1, Jarmila Bernasovsk\u00e1, Iveta Cimbol\u00e1kov\u00e1, Peter M. Kalanin<br><strong><a href=\"https:\/\/www.physactiv.eu\/wp-content\/uploads\/2026\/03\/2026_141016.pdf\">Self-reported laterality, psychological characteristics, and technical certification in karate students: descriptive longitudinal pilot study<\/a><br><\/strong>Phys Act Rev 2026; 14(2): 1-9. doi: 10.16926\/par.2026.14.16<\/p>\n\n\n\n<hr class=\"wp-block-separator has-alpha-channel-opacity\"\/>\n","protected":false},"excerpt":{"rendered":"<p>Sebastian Szajkowski, Jaros\u0142aw Pasek, Grzegorz Cie\u015blar, Micha\u0142 Dwornik, Dominik Szyma\u0144ski, S\u0142awomir Marsza\u0142ekPhysical Activity and Repetitive Precision Tasks as Determinants of Biomechanical and Viscoelastic Adaptations of the Flexor Digitorum Superficialis Muscle in Professional ShootersPhys Act Rev 2026; 14(2): 80-90. doi: 10.16926\/par.2026.14.23 Jan Florian, Vicente Javier Clemente-Su\u00e1rez, Jan Pa\u0159\u00edk, Michal Pol\u00e1chEffects of a Nine-Week High-Intensity Interval Training &hellip; <a href=\"https:\/\/www.physactiv.eu\/index.php\/volume-14-issue-2-2026\/\" class=\"more-link\">Continue reading <span class=\"screen-reader-text\">Volume 14, Issue 2, 2026<\/span> <span class=\"meta-nav\">&rarr;<\/span><\/a><\/p>\n","protected":false},"author":1,"featured_media":0,"parent":0,"menu_order":0,"comment_status":"closed","ping_status":"closed","template":"","meta":{"footnotes":""},"class_list":["post-4006","page","type-page","status-publish","hentry"],"_links":{"self":[{"href":"https:\/\/www.physactiv.eu\/index.php\/wp-json\/wp\/v2\/pages\/4006","targetHints":{"allow":["GET"]}}],"collection":[{"href":"https:\/\/www.physactiv.eu\/index.php\/wp-json\/wp\/v2\/pages"}],"about":[{"href":"https:\/\/www.physactiv.eu\/index.php\/wp-json\/wp\/v2\/types\/page"}],"author":[{"embeddable":true,"href":"https:\/\/www.physactiv.eu\/index.php\/wp-json\/wp\/v2\/users\/1"}],"replies":[{"embeddable":true,"href":"https:\/\/www.physactiv.eu\/index.php\/wp-json\/wp\/v2\/comments?post=4006"}],"version-history":[{"count":25,"href":"https:\/\/www.physactiv.eu\/index.php\/wp-json\/wp\/v2\/pages\/4006\/revisions"}],"predecessor-version":[{"id":4082,"href":"https:\/\/www.physactiv.eu\/index.php\/wp-json\/wp\/v2\/pages\/4006\/revisions\/4082"}],"wp:attachment":[{"href":"https:\/\/www.physactiv.eu\/index.php\/wp-json\/wp\/v2\/media?parent=4006"}],"curies":[{"name":"wp","href":"https:\/\/api.w.org\/{rel}","templated":true}]}}